 - -3?
12677378
In base 6, what is -4 + -403435?
-403443
In base 7, what is -5 + 213302?
213264
In base 6, what is 1 + -5142455?
-5142454
In base 13, what is -177c09 - 5?
-177c11
In base 14, what is cd + -8d?
40
In base 7, what is 25532 + -16?
25513
In base 12, what is -289937 - 1?
-289938
In base 2, what is 10 - -10001101010001010?
10001101010001100
In base 9, what is 54 - 1855?
-1801
In base 8, what is -6537 - -2645?
-3672
In base 16, what is bc291 + -5?
bc28c
In base 3, what is -221022021 + 1121?
-221020200
In base 5, what is 10104344 - -2?
10104401
In base 3, what is 111 + 12011021?
12011202
In base 14, what is 20b62d + 4?
20b633
In base 15, what is -22a1b8 + 3?
-22a1b5
In base 12, what is -59 + -85?
-122
In base 6, what is -1021315 + -3?
-1021322
In base 15, what is -2 + -6825?
-6827
In base 4, what is -132 + -1112?
-1310
In base 9, what is 4051 + -27?
4023
In base 15, what is 134 - 1248?
-1114
In base 16, what is -17170 + -3?
-17173
In base 16, what is -35106 - 3?
-35109
In base 12, what is 87283 + 2?
87285
In base 9, what is 102457 + -7?
102450
In base 15, what is -6c98d + 12?
-6c97b
In base 3, what is -20000222 + -200?
-20001122
In base 10, what is -905530 - -3?
-905527
In base 9, what is -4 - 26058?
-26063
In base 4, what is 110 - 13323?
-13213
In base 10, what is 16 - -435?
451
In base 13, what is -392 + -4?
-396
In base 6, what is 0 + 15440?
15440
In base 9, what is -388 - 224?
-623
In base 13, what is -5 + 3378?
3373
In base 12, what is 53 - -14a3?
1536
In base 5, what is 44101433 - -3?
44101441
In base 16, what is 127 - 1c3?
-9c
In base 5, what is -3 - 22324101?
-22324104
In base 3, what is -111 - -121121?
121010
In base 15, what is 20 - 134e?
-132e
In base 3, what is -12 + -12200112021?
-12200112110
In base 13, what is -6561 - 5?
-6566
In base 10, what is 1277 + 135?
1412
In base 2, what is 1 + -10110110001?
-10110110000
In base 16, what is -ba - 1434?
-14ee
In base 7, what is 53 + -2522?
-2436
In base 14, what is 62ac + 6?
62b4
In base 2, what is -110111110 - 1000111101?
-1111111011
In base 8, what is -2275 + -653?
-3150
In base 6, what is -1042531 - 142?
-1043113
In base 16, what is -2 + -ea7?
-ea9
In base 11, what is 0 - 192226?
-192226
In base 16, what is -3ca2 + -3?
-3ca5
In base 15, what is 1 - 55cd?
-55cc
In base 16, what is 15 + 19b2e?
19b43
In base 6, what is -125131 + 2?
-125125
In base 10, what is 4 + -1672321?
-1672317
In base 4, what is -1212 - 312013?
-313231
In base 11, what is 91a98 - 0?
91a98
In base 14, what is 15b2 - -4?
15b6
In base 2, what is -110001110001 - -100111?
-110001001010
In base 4, what is -1320133312 + -3?
-1320133321
In base 9, what is -21133 + 3?
-21130
In base 5, what is 34021230 + 1?
34021231
In base 4, what is 0 + 1231133?
1231133
In base 3, what is 112111 + 120?
120001
In base 3, what is -22 - -2020202221?
2020202122
In base 4, what is 31023 - 0?
31023
In base 11, what is 4907 - -676?
5482
In base 8, what is 31360 + -10?
31350
In base 6, what is 3 + 243110?
243113
In base 5, what is -2211 - 20230?
-22441
In base 4, what is 2031332 + -10?
2031322
In base 5, what is -104043 + -3330?
-112423
In base 7, what is -42 + 13441?
13366
In base 15, what is 4be + -71?
44d
In base 7, what is 224 + 6616?
10143
In base 14, what is -4 + 497?
493
In base 6, what is 15534120 - -11?
15534131
In base 15, what is -385 - 2e7?
-67c
In base 11, what is 30 + -2a619?
-2a599
In base 7, what is -4 - -102043?
102036
In base 8, what is -4 - -54377?
54373
In base 3, what is 102020111 - 22?
102020012
In base 13, what is -2a29 + -4?
-2a30
In base 8, what is -43 + 10511?
10446
In base 4, what is 20322203 - 11?
20322132
In base 13, what is -241897 - -3?
-241894
In base 14, what is -b5 + -b09?
-bc0
In base 11, what is -3846 + 12?
-3834
In base 8, what is -2 - 56026?
-56030
In base 12, what is 5262 - 21?
5241
In base 16, what is 7d9 - 3?
7d6
In base 2, what is -11 + -101010001111100?
-101010001111111
In base 12, what is -231b09 - -4?
-231b05
In base 13, what is 1c - -500?
51c
In base 13, what is 5255b4 - 2?
5255b2
In base 16, what is -2393 + -c?
-239f
In base 8, what is 4 + 50041?
50045
In base 11, what is -1a + -1967?
-1986
In base 6, what is 23 - -113242?
113305
In base 10, what is -234164 + 4?
-234160
In base 4, what is -12222330202 - 10?
-12222330212
In base 15, what is 3 - -530c9?
530cc
In base 10, what is -884 - 5448?
-6332
In base 16, what is 88f6 - -33?
8929
In base 4, what is 21103 + 1210?
22313
In base 15, what is 18b8 + -21?
1897
In base 15, what is -2 + 25ad?
25ab
In base 10, what is 187 + 15136?
15323
In base 12, what is -2 - -a7267?
a7265
In base 13, what is -4926 + 19?
-490a
In base 6, what is 4223 - 154?
4025
In base 6, what is -3001153 - 4?
-3001201
In base 8, what is 0 - -636712?
636712
In base 14, what is 6050 - -3?
6053
In base 9, what is 382 - 1752?
-1360
In base 3, what is 1121 - 11212?
-10021
In base 8, what is 241641 - 4?
241635
In base 14, what is -2082 - b?
-208d
In base 15, what is -3101 - 1?
-3102
In base 6, what is 343 + 425?
1212
In base 6, what is -10205253 + -12?
-10205305
In base 14, what is -1 + -aa1db?
-aa1dc
In base 8, what is 125 - 1555?
-1430
In base 8, what is -17317 - 3?
-17322
In base 5, what is 1 - -14122111?
14122112
In base 11, what is -4 + -12162?
-12166
In base 2, what is 101111 + 10001000111001?
10001001101000
In base 4, what is 12 - 1102312111?
-1102312033
In base 11, what is 183 + -1353?
-1180
In base 12, what is -61 - b34?
-b95
In base 10, what is 21989 - 41?
21948
In base 7, what is 2253064 + 21?
2253115
In base 6, what is 0 - 14541414?
-14541414
In base 14, what is -4 - -1109d?
11099
In base 5, what is 1 + -104422?
-104421
In base 16, what is -16f094 + 4?
-16f090
In base 2, what is 100101 - 1001001011101?
-1001000111000
In base 16, what is 5 + -1acf?
-1aca
In base 10, what is 3 + 18475?
18478
In base 14, what is -2b - -3d5?
3a8
In base 7, what is -166524 + -10?
-166534
In base 15, what is -924a - -17?
-9233
In base 12, what is 53263 + 2?
53265
In base 8, what is 40057 - 4?
40053
In base 8, what is 1442 - -1164?
2626
In base 11, what is -2a79a5 + -4?
-2a79a9
In base 5, what is 4 + 41242400?
41242404
In base 6, what is -1 - 543?
-544
In base 7, what is -4 - 1242506?
-1242513
In base 7, what is -2121 + -2610?
-5031
In base 4, what is 1111222 - -110?
1111332
In base 16, what is 1fc + 859?
a55
In base 6, what is 254322 - 5?
254313
In base 7, what is -564566 + 0?
-564566
In base 6, what is -5 + 314015?
314010
In base 9, what is -24606 + -31?
-24637
In base 2, what is 0 + 10010100001110101?
10010100001110101
In base 16, what is 5479 + 2?
547b
In base 2, what is 101001100111 - 1101000?
100111111111
In base 6, what is -5 + 2223103?
2223054
In base 6, what is 123300 + 1540?
125240
In base 13, what is -6659 - 28?
-6684
In base 8, what is -210503 - 22?
-210525
In base 13, what is -65b - 116?
-774
In base 9, what is -5003 + 23?
-4870
In base 3, what is 10001100 + -110?
10000220
In base 10, what is -72 - -485?
413
In base 15, what is 3 - -1645c1?
1645c4
In base 5, what is -3 - 31244?
-31302
In base 6, what is -13 - 251?
-304
In base 8, what is -321132 - -4?
-321126
In base 3, what is -12 + -21122210021?
-21122210110
In base 6, what is 15430144 - 2?
15430142
In base 2, what is -101101010110010100 - -11?
-101101010110010001
In base 12, what is 2 + 7a273?
7a275
In base 15, what is -83dba - -1?
-83db9
In base 14, what is 1b0 + -1996?
-17c6
In base 6, what is 2554102 - 4?
2554054
In base 16, what is 1015 + e?
1023
In base 11, what is 92 - -25a5?
2687
In base 15, what is 3 - a06cc?
-a06c9
In base 7, what is -23634 + -4?
-23641
In base 5, what is -10 + -1401110?
-1401120
In base 16, what is -2d334 - 1?
-2d335
In base 12, what is 98 - 2b6?
-21a
In base 8, what is 7 + -10437?
-10430
In base 11, what is 78 - -11852?
1191a
In base 2, what is 1001101010100011 - 101?
1001101010011110
In base 4, what is 1132 + -311103?
-303311
In base 3, what is 101001 + 10210022?
11011100
In base 8, what is 1 + 11035?
11036
In base 2, what is -11 - -1101111101101000101?
1101111101101000010
In base 9, what is 800 - 33?
756
In base 8, what is 415 - 1312?
-675
In base 16, what is 87f - -35?
8b4
In base 10, what is -2 - -7404?
7402
In base 10, what is -69967 + 5?
-69962
In base 16, what is -207 + 2727?
2520
In base 2, w